**2 - 419*l + 2680. Give w(6).
22
Let l(f) = -2*f**2 - 493*f - 5391. Give l(-235).
14
Let x(h) = -2*h**3 + 120*h**2 - 29*h + 767. Determine x(60).
-973
Let f(g) = -g**3 - 118*g**2 - 2864*g - 73. Calculate f(-34).
199
Let l(t) = 5887*t - 57650. What is l(10)?
1220
Let x(m) = 233*m**3 - 698*m**2 + 45*m - 153. Calculate x(3).
-9
Let a(m) = 10395*m - 602911. Calculate a(58).
-1
Let f(a) = -2*a**3 - 82*a**2 - 807*a - 37489. Calculate f(-42).
-67
Let a(c) = 12*c**2 + 770*c + 3178. Calculate a(-60).
178
Let s(a) = 8*a**3 + 20*a**2 - 90*a + 6. Calculate s(3).
132
Let j(d) = -3*d**2 - 227*d - 184. What is j(-74)?
186
Let r(a) = -192*a - 27955. What is r(-147)?
269
Let r(y) = y**3 + 23*y**2 - 8434*y - 161692. What is r(-19)?
-2
Let y(x) = -17636*x - 51690. Give y(-3).
1218
Let v(z) = -z**3 + 844*z**2 + 2511*z + 25412. What is v(847)?
2
Let l(p) = -5162*p + 225789. What is l(44)?
-1339
Let a(p) = -512732*p - 3589106. What is a(-7)?
18
Let w(s) = -s**2 - 34413*s - 687858. Calculate w(-20).
2
Let f(m) = -3*m**3 - 77*m**2 - 454*m + 483. What is f(-13)?
-37
Let p(w) = w**2 + 14780*w + 4329818. What is p(-299)?
-1
Let s(m) = -7*m**2 + 40*m + 1999. Determine s(20).
-1
Let b(n) = -2*n**3 - 5*n**2 - 9124*n + 18265. Determine b(2).
-19
Let b(g) = -192546*g + 1155289. Calculate b(6).
13
Let t(h) = -10116*h - 131510. What is t(-13)?
-2
Let o(q) = -415*q - 2450. Determine o(-7).
455
Let g(t) = -4*t**2 - 302*t + 2448. Determine g(-83).
-42
Let a(n) = n**3 - 29*n**2 - 427*n + 12946. Determine a(31).
1631
Let n(j) = 312*j + 15347. Determine n(-42).
2243
Let p(t) = 9309*t + 3965571. Calculate p(-426).
-63
Let d(t) = 7*t**3 + 2460*t**2 - 3895*t - 4248. Determine d(-353).
-12
Let g(i) = -33206*i + 1228643. What is g(37)?
21
Let f(n) = -205208*n - 205241. Determine f(-1).
-33
Let r(f) = -6432*f + 2868685. Give r(446).
13
Let n(t) = 6022*t - 752748. What is n(125)?
2
Let r(l) = 58*l**2 + 208*l + 26. Determine r(-7).
1412
Let h(r) = -381*r - 5073. What is h(-5)?
-3168
Let c(h) = -3*h**3 - 32*h**2 + 1077*h - 3000. Give c(3).
-138
Let t(n) = -11*n**2 + 2879*n - 54975. Determine t(241).
-27
Let w(b) = 3*b**3 - 168*b**2 - 493*b + 58. Give w(-3).
-56
Let g(k) = -3*k**3 - 114*k**2 - 187*k - 2824. Give g(-37).
-12
Let f(j) = 2*j**3 + 25*j**2 - 806*j - 9067. Give f(-11).
162
Let z(b) = 155*b**2 + 113*b + 8. Calculate z(-2).
402
Let r(f) = -f**3 - 31*f**2 + 4334*f + 1439. Calculate r(-83).
-55
Let u(s) = 11*s**3 + 29*s**2 - 191*s + 161. What is u(1)?
10
Let f(m) = 755*m - 13671. Calculate f(18).
-81
Let k(a) = 57*a - 4619. What is k(76)?
-287
Let l(o) = -o**3 - 46*o**2 + 119*o + 369. Give l(-48).
-735
Let p(c) = -54736*c - 2572591. Calculate p(-47).
1
Let g(h) = -h**3 + 121*h**2 - 772*h + 293574. Determine g(132).
6
Let i(s) = -30*s**2 + 19*s + 80. Determine i(2).
-2
Let w(n) = 51*n**2 + 414*n + 256. What is w(-8)?
208
Let q(g) = 1870*g + 7416. Calculate q(-4).
-64
Let l(p) = -587420*p - 7049032. What is l(-12)?
8
Let h(j) = 52773*j - 3588554. What is h(68)?
10
Let s(g) = g**3 + g**2 - 57*g - 26. What is s(7)?
-33
Let v(d) = 43*d - 1101. What is v(25)?
-26
Let w(f) = -f**3 - 138*f**2 - 396*f + 7. Determine w(-3).
-20
Let s(g) = 765*g + 29868. Determine s(-33).
4623
Let q(t) = -t**3 - 91*t**2 + 488*t - 172. Give q(-96).
-940
Let m(l) = 19304*l - 115915. What is m(6)?
-91
Let u(q) = -152*q + 9904. Determine u(65).
24
Let c(t) = 8*t**3 + 44*t**2 + 160*t + 694. Calculate c(-5).
-6
Let c(j) = 5*j**2 - 6305*j + 142365. Give c(23).
-5
Let r(h) = 2*h**2 + 1170*h - 236553. What is r(-744)?
39
Let b(w) = 1750*w + 29682. Give b(-19).
-3568
Let v(p) = -25*p**2 - 467*p - 641. What is v(-17)?
73
Let z(q) = 58*q**2 - 4024*q - 15323. What is z(73)?
7
Let n(g) = -37*g**2 + 359*g - 8. What is n(3)?
736
Let x(v) = v**2 + 226*v + 4963. What is x(-25)?
-62
Let z(n) = -n**3 - 1156*n**2 + 23520*n + 24. Give z(20).
24
Let q(b) = -3*b**3 + 100*b**2 - 131*b. Give q(32).
-96
Let i(u) = u**3 - u**2 - 500*u + 2387. Give i(5).
-13
Let r(i) = 528527*i + 4. Calculate r(0).
4
Let a(g) = -3473*g - 1715663. Give a(-494).
-1
Let g(c) = -264*c + 413163. Calculate g(1565).
3
Let i(k) = 3*k**2 - 592*k - 2917. Give i(-5).
118
Let u(j) = -90*j**2 - 619*j + 93. Calculate u(-7).
16
Let s(j) = -j**3 + 61*j**2 - 351*j + 1262. Give s(55).
107
Let v(c) = -4454*c - 280600. Give v(-63).
2
Let b(l) = 767*l**3 + l**2 + 16*l - 16. Determine b(1).
768
Let n(z) = 10*z**2 + 938*z + 9052. What is n(-11)?
-56
Let y(l) = -l**3 - 59*l**2 + 2073*l - 2276. Calculate y(-84).
-8
Let c(v) = 202720*v + 1216230. Give c(-6).
-90
Let m(k) = -k**2 - 124*k + 4701. Give m(29).
264
Let m(y) = 280609*y + 561217. What is m(-2)?
-1
Let d(b) = b**2 + 9098*b + 631958. Determine d(-70).
-2
Let y(o) = 946560*o + 946566. Calculate y(-1).
6
Let i(o) = 11*o**2 - 466*o - 1887. What is i(-4)?
153
Let j(y) = -11*y**2 + 45*y - 130. Calculate j(13).
-1404
Let k(c) = -555*c - 51. Give k(-1).
504
Let d(x) = 8835*x - 733326. Give d(83).
-21
Let i(g) = 22*g**2 + 3274*g + 5881. Calculate i(-147).
1
Let w(i) = -i**2 + 663*i + 80635. Determine w(-105).
-5
Let a(r) = -2*r**2 + 9185*r + 3123074. What is a(-318)?
-4
Let a(r) = r**2 - 68*r - 4878. What is a(115)?
527
Let z(h) = -467*h**3 + 19*h**2 + 194*h - 211. Give z(1).
-465
Let g(p) = -467378*p + 2804262. What is g(6)?
-6
Let p(t) = -2*t**3 - 2269*t**2 - 3517*t - 133697. Calculate p(-1133).
-3
Let f(g) = -5545*g + 94302. Give f(17).
37
Let t(r) = -4*r**2 + 1756*r + 68389. What is t(-36)?
-11
Let u(d) = 6*d**2 + 164*d + 41. Calculate u(-11).
-1037
Let h(y) = 247*y + 4952. Give h(-13).
1741
Let g(m) = 1319*m**2 + 23767*m + 418. Calculate g(-18).
-32
Let l(o) = -158*o**3 + 7111*o**2 - 50*o + 147. Calculate l(45).
-78
Let c(u) = u**3 - 5*u**2 + 96*u - 819. Give c(12).
1341
Let l(d) = 1846*d - 70890. Calculate l(39).
1104
Let m(i) = 11*i**2 - 1642*i + 3667. Calculate m(147).
-8
Let h(g) = 99*g - 4584. Determine h(45).
-129
Let t(y) = 1911*y - 141211. What is t(74)?
203
Let n(x) = -370087*x + 2220505. Determine n(6).
-17
Let q(n) = -48*n**2 + 1222*n - 1214. Calculate q(1).
-40
Let c(b) = 1420*b**2 + 5*b - 10. Calculate c(0).
-10
Let h(t) = -t**2 - 1501461*t + 1. Determine h(0).
1
Let q(l) = -13578*l + 42804. Determine q(3).
2070
Let x(k) = 2*k**3 - 69*k**2 - 87*k + 848. What is x(36)?
1604
Let x(j) = 4589*j + 63858. Calculate x(-14).
-388
Let a(h) = h**3 + 67*h**2 + 413*h + 118. Give a(-60).
538
Let m(y) = -5*y**3 + 66*y**2 - 17*y - 13. What is m(13)?
-65
Let q(f) = f**2 + 66717*f + 1267249. Give q(-19).
-13
Let i(k) = -670*k + 1991. What is i(3)?
-19
Let g(d) = 4143*d + 37608. What is g(-9)?
321
Let w(n) = -170*n + 845. Give w(12).
-1195
Let r(p) = 72*p**2 + 12595*p - 251. Determine r(-175).
624
Let a(t) = -2*t**3 + 18*t**2 - 2427*t + 19277. What is a(8)?
-11
Let a(x) = -540*x + 15716. Determine a(29).
56
Let d(t) = 30*t - 1582. Give d(67).
428
Let f(l) = l**3 - 49*l**2 + 385*l - 738. What is f(3)?
3
Let y(g) = -216*g + 33959. Determine y(154).
695
Let k(w) = 5142*w - 107752. Give k(21).
230
Let d(t) = 107*t**3 + 67522*t**2 + 3160*t + 3165. Calculate d(-631).
10
Let t(x) = -86*x - 4180. Give t(-55).
550
Let x(z) = 31*z**2 + 4590*z - 13779. What is x(3)?
270
Let u(n) = n**2 - 1712*n - 175463. Calculate u(-97).
10
Let d(b) = -3175*b + 314. What is d(0)?
314
Let x(r) = 114383*r + 571934. What is x(-5)?
19
Let z(d) = 5*d**3 - 183*d**2 - 1136*d + 114. Give z(42).
30
Let i(j) = 22*j**3 + 7*j**2 - 14*j - 5. Calculate i(2).
171
Let i(y) = -y**3 + 2*y**2 + 91*y - 327. Give i(4).
5
Let t(u) = -4497*u + 76. Calculate t(0).
76
Let g(h) = -h**3 + 67*h**2 - 1276*h + 5078. Calculate g(33).
-4
Let z(h) = -3*h**2 - 116*h - 435. Calculate z(-5).
70
Let v(b) = 11*b + 709. Give v(13).
852
Let u(l) = -2*l**2 - 1309*l - 97050. Determine u(-570).
-720
Let c(s) = s**2 - 787*s - 763794. Calculate c(-565).
86
Let b(w) = w**2 - 221*w + 9141. What is b(167)?
123
Let v(b) = 6*b**2 + 617*b + 15670. Give v(-45).
55
Let j(s) = -857*s - 8676. Determine j(-10).
-106
Let w(n) = -3*n**2 + 142*n - 1102. Determine w(35).
193
Let y(o) = 9585*o - 66972. Calculate y(7).
123
Let b(a) = -2788*a - 22469. Determine b(-8).
-165
Let b(m) = m**3 - 288*m**2 - 1335*m + 384473. Calculate b(288).
-7
Let d(l) = l**3 - 11*l**2 - 11*l - 55. What is d(11)?
-176
Let n(v) = 4*v**2 -